{"id":17,"date":"2016-02-16T12:30:24","date_gmt":"2016-02-16T11:30:24","guid":{"rendered":"https:\/\/bonifratrzy.pl\/bonifraterskie-centrum-zdrowia\/?page_id=17"},"modified":"2022-12-22T19:19:55","modified_gmt":"2022-12-22T18:19:55","slug":"rejestracja","status":"publish","type":"page","link":"https:\/\/bonifratrzy.pl\/bonifraterskie-centrum-zdrowia\/rejestracja\/","title":{"rendered":"Rejestracja"},"content":{"rendered":"<a href=\"https:\/\/lekarzebezkolejki.pl\/ron-www\/placowka\/BCMPiaski\" class=\"su-button su-button-style-default\" style=\"color:#FFFFFF;background-color:#2D89EF;border-color:#246ec0;border-radius:7px\" target=\"_blank\" rel=\"noopener noreferrer\"><span style=\"color:#FFFFFF;padding:0px 20px;font-size:16px;line-height:32px;border-color:#6cadf4;border-radius:7px;text-shadow:none\"> Rejestracja on-lina <\/span><\/a>\n<p>&nbsp;<\/p>\n<p>REJESTRACJA czynna od poniedzia\u0142ku do pi\u0105tku w godzinach od 8.00 do 15.00:<\/p>\n<p>Rehabilitacja stacjonarna &#8211; punkt przyj\u0119\u0107 do Oddzia\u0142u rehabilitacji neurologicznej &#8211; tel. 65\u00a0525\u00a009\u00a082<\/p>\n<p>Rehabilitacja stacjonarna &#8211; informacja o pobytach odp\u0142atnych &#8211; tel. 65 525 09 76<\/p>\n<p>Poradnia rehabilitacji:<\/p>\n<ul>\n<li>rejestracja doros\u0142ych &#8211; tel. 65 525 09 81<\/li>\n<li>rejestracja dzieci &#8211; tel. 65 525 09 42<\/li>\n<\/ul>\n<p>Oddzia\u0142 rehabilitacji dzieci z zaburzeniami wieku rozwojowego w oddziale dziennym &#8211; tel. 65 525 09 42<\/p>\n<p>Zapisy na rehabilitacj\u0119 ambulatoryjn\u0105 (fizjoterapeutyczne zabiegi ambulatoryjne) &#8211; tel. 65-525-09-81<\/p>\n","protected":false},"excerpt":{"rendered":"<p>&nbsp; REJESTRACJA czynna od poniedzia\u0142ku do pi\u0105tku w godzinach od 8.00 do 15.00: Rehabilitacja stacjonarna &#8211; punkt przyj\u0119\u0107 do Oddzia\u0142u rehabilitacji neurologicznej &#8211; tel. 65\u00a0525\u00a009\u00a082 Rehabilitacja stacjonarna &#8211; informacja o pobytach odp\u0142atnych &#8211; tel. 65 525 09 76 Poradnia rehabilitacji: rejestracja doros\u0142ych &#8211; tel. 65 525 09 81 rejestracja dzieci &#8211; tel. 65 525 09 [&hellip;]<\/p>\n","protected":false},"author":1,"featured_media":0,"parent":0,"menu_order":37,"comment_status":"closed","ping_status":"closed","template":"","meta":{"_sitemap_exclude":false,"_sitemap_priority":"","_sitemap_frequency":"","footnotes":""},"_links":{"self":[{"href":"https:\/\/bonifratrzy.pl\/bonifraterskie-centrum-zdrowia\/wp-json\/wp\/v2\/pages\/17"}],"collection":[{"href":"https:\/\/bonifratrzy.pl\/bonifraterskie-centrum-zdrowia\/wp-json\/wp\/v2\/pages"}],"about":[{"href":"https:\/\/bonifratrzy.pl\/bonifraterskie-centrum-zdrowia\/wp-json\/wp\/v2\/types\/page"}],"author":[{"embeddable":true,"href":"https:\/\/bonifratrzy.pl\/bonifraterskie-centrum-zdrowia\/wp-json\/wp\/v2\/users\/1"}],"replies":[{"embeddable":true,"href":"https:\/\/bonifratrzy.pl\/bonifraterskie-centrum-zdrowia\/wp-json\/wp\/v2\/comments?post=17"}],"version-history":[{"count":4,"href":"https:\/\/bonifratrzy.pl\/bonifraterskie-centrum-zdrowia\/wp-json\/wp\/v2\/pages\/17\/revisions"}],"predecessor-version":[{"id":1636,"href":"https:\/\/bonifratrzy.pl\/bonifraterskie-centrum-zdrowia\/wp-json\/wp\/v2\/pages\/17\/revisions\/1636"}],"wp:attachment":[{"href":"https:\/\/bonifratrzy.pl\/bonifraterskie-centrum-zdrowia\/wp-json\/wp\/v2\/media?parent=17"}],"curies":[{"name":"wp","href":"https:\/\/api.w.org\/{rel}","templated":true}]}}