{"id":15,"date":"2016-03-17T22:08:13","date_gmt":"2016-03-17T21:08:13","guid":{"rendered":"https:\/\/bonifratrzy.pl\/bonifraterska-fundacja-dobroczynna\/?page_id=15"},"modified":"2022-06-28T12:46:23","modified_gmt":"2022-06-28T10:46:23","slug":"wolontariat-w-bfd","status":"publish","type":"page","link":"https:\/\/bonifratrzy.pl\/bonifraterska-fundacja-dobroczynna\/o-nas\/wolontariat-w-bfd\/","title":{"rendered":"Wolontariat w BFD"},"content":{"rendered":"<p>Wolontariat w Bonifraterskiej Fundacji Dobroczynnej!<\/p>\n<p>Ka\u017cdego dnia w Naszych dzie\u0142ach czeka na Ciebie blisko 180 os\u00f3b, kt\u00f3re otaczamy opiek\u0105 i wsparciem w ramach dzia\u0142alno\u015bci:<\/p>\n<ul>\n<li><a href=\"http:\/\/bonifundo.pl\/wtz\">Warsztatu Terapii Zaj\u0119ciowej<\/a><\/li>\n<li><a href=\"http:\/\/bonifundo.pl\/sds\">\u015arodowiskowego Domu Samopomocy<\/a><\/li>\n<li><a href=\"http:\/\/bonifundo.pl\/zaz\">Zak\u0142adu Aktywno\u015bci Zawodowej<\/a><\/li>\n<li><a href=\"http:\/\/bonifundo.pl\/dps\">Domu Pomocy Spo\u0142ecznej<\/a><\/li>\n<\/ul>\n<p>Dzi\u0119ki Tobie ka\u017cdy dzie\u0144 sp\u0119dzony w naszych o\u015brodkach mo\u017ce by\u0107 dla naszych podopiecznych bogatszy, pe\u0142niejszy, szcz\u0119\u015bliwszy.<\/p>\n<h2>Co mo\u017cesz robi\u0107 jako Wolontariusz?<\/h2>\n<ul>\n<li>pomaga\u0107 w prowadzeniu zaj\u0119\u0107 terapeutycznych;<\/li>\n<li>prowadzi\u0107 samodzielnie warsztaty, zaj\u0119cia (np.:plastyczne, sportowe,j\u0119zykowe);<\/li>\n<li>organizowa\u0107 ciekawe wydarzenia, spotkania;<\/li>\n<li>pomaga\u0107 w pracach projektowych, pisaniu i pozyskiwaniu funduszy oraz rozliczaniu projekt\u00f3w;;<\/li>\n<li>towarzyszy\u0107 naszym podopiecznym podczas spacer\u00f3w, wyjazd\u00f3w, zaj\u0119\u0107;<\/li>\n<li>prowadzi\u0107 dzia\u0142ania specjalistyczne (np. z zakresu psychologii, doradztwa zawodowego);<\/li>\n<li>pomaga\u0107 w pracach fizycznych;<\/li>\n<li>pomaga\u0107 w pracach administracyjnych i organizacyjnych.<\/li>\n<\/ul>\n<h2>Jak zosta\u0107 wolontariuszem?<\/h2>\n<ol>\n<li>Zapoznaj si\u0119 z ofert\u0105 Wolontariatu w Bonifraterskiej Fundacji Dobroczynnej;<\/li>\n<li>Przeczytaj Regulamin i Kodeks Etyczny Wolontariusza;<\/li>\n<li>Wype\u0142nij ankiet\u0119 dla kandydata;<\/li>\n<li>Wy\u015blij wiadomo\u015b\u0107, zadzwo\u0144 lub przyjd\u017a do nas na rozmow\u0119!<br \/>\n<a href=\"&#109;&#x61;&#x69;l&#116;&#x6f;&#x3a;w&#111;&#x6c;o&#110;&#x74;&#x61;r&#105;&#x61;t&#64;&#x62;&#x6f;n&#105;&#x66;&#x75;&#110;&#x64;&#x6f;&#46;&#112;&#x6c;\">&#119;&#x6f;l&#111;&#x6e;t&#97;&#x72;i&#97;&#x74;&#64;&#98;&#x6f;n&#105;&#x66;u&#110;&#x64;o&#46;&#x70;l<\/a>;<br \/>\n12-256-10-58 wew.11;<br \/>\nKonary, ul. Bonifraterska 11.<\/li>\n<\/ol>\n<p>&nbsp;<\/p>\n<ul>\n<li><a href=\"http:\/\/bonifundo.pl\/!data\/Ankieta_wolontariusza%20-%20Copy%201.docx\" target=\"_blank\" rel=\"noopener\">Ankieta wolontariusza<\/a><\/li>\n<li><a href=\"http:\/\/bonifundo.pl\/!data\/Karta_pracy_wolontariusza.docx\" target=\"_blank\" rel=\"noopener\">Karta pracy wolontariusza<\/a><\/li>\n<li><a href=\"http:\/\/bonifundo.pl\/!data\/Kodeks_etyczny_wolontariusza.docx\" target=\"_blank\" rel=\"noopener\">Kodeks etyczny wolontariusza<\/a><\/li>\n<li><a href=\"http:\/\/bonifundo.pl\/!data\/o%C5%9Bwiadczenia.docx\" target=\"_blank\" rel=\"noopener\">O\u015bwiadczenia<\/a><\/li>\n<li><a href=\"http:\/\/bonifundo.pl\/!data\/Regulamin_wolontariatu.docx\" target=\"_blank\" rel=\"noopener\">Regulamin wolontariatu<\/a><\/li>\n<li><a href=\"http:\/\/bonifundo.pl\/!data\/zgoda_rodzic%C3%B3w_na_wolontariat.docx\" target=\"_blank\" rel=\"noopener\">Zgoda rodzic\u00f3w na wolontariat<\/a><\/li>\n<\/ul>\n<p>&nbsp;<\/p>\n<p>Studencie!<\/p>\n<p>Szukasz interesuj\u0105cego miejsca na swoje praktyki? Przyjd\u017a do nas! Oferujemy szerokie mo\u017cliwo\u015bci rozwoju i nauki dla student\u00f3w takich kierunk\u00f3w jak:<\/p>\n<ul>\n<li>psychologia<\/li>\n<li>pedagogika specjalna<\/li>\n<li>pedagogika<\/li>\n<li>terapia zaj\u0119ciowa<\/li>\n<li>resocjalizacja<\/li>\n<li>praca socjalna<\/li>\n<li>nauki o rodzinie<\/li>\n<li>fizjoterapia<\/li>\n<li>piel\u0119gniarstwo<\/li>\n<li>sztuka i edukacja<\/li>\n<li>zarz\u0105dzanie w pomocy spo\u0142ecznej<\/li>\n<\/ul>\n<p>Nie studiujesz na kierunkach wymienionych powy\u017cej ale chcesz nas pozna\u0107? Nic nie szkodzi! Zapraszamy do kontaktu!<\/p>\n<p>&nbsp;<\/p>\n<p><img loading=\"lazy\" decoding=\"async\" class=\"alignnone size-full wp-image-289\" src=\"https:\/\/bonifratrzy.pl\/bonifraterska-fundacja-dobroczynna\/wp-content\/uploads\/sites\/33\/2022\/06\/Praktyki_wolontariat_praca_B.jpg\" alt=\"\" width=\"712\" height=\"1000\" srcset=\"https:\/\/bonifratrzy.pl\/bonifraterska-fundacja-dobroczynna\/wp-content\/uploads\/sites\/33\/2022\/06\/Praktyki_wolontariat_praca_B.jpg 712w, https:\/\/bonifratrzy.pl\/bonifraterska-fundacja-dobroczynna\/wp-content\/uploads\/sites\/33\/2022\/06\/Praktyki_wolontariat_praca_B-214x300.jpg 214w\" sizes=\"(max-width: 712px) 100vw, 712px\" \/><\/p>\n","protected":false},"excerpt":{"rendered":"<p>Wolontariat w Bonifraterskiej Fundacji Dobroczynnej! Ka\u017cdego dnia w Naszych dzie\u0142ach czeka na Ciebie blisko 180 os\u00f3b, kt\u00f3re otaczamy opiek\u0105 i wsparciem w ramach dzia\u0142alno\u015bci: Warsztatu Terapii Zaj\u0119ciowej \u015arodowiskowego Domu Samopomocy Zak\u0142adu Aktywno\u015bci Zawodowej Domu Pomocy Spo\u0142ecznej Dzi\u0119ki Tobie ka\u017cdy dzie\u0144 sp\u0119dzony w naszych o\u015brodkach mo\u017ce by\u0107 dla naszych podopiecznych bogatszy, pe\u0142niejszy, szcz\u0119\u015bliwszy. Co mo\u017cesz robi\u0107 [&hellip;]<\/p>\n","protected":false},"author":1,"featured_media":0,"parent":47,"menu_order":11,"comment_status":"closed","ping_status":"closed","template":"","meta":{"footnotes":""},"_links":{"self":[{"href":"https:\/\/bonifratrzy.pl\/bonifraterska-fundacja-dobroczynna\/wp-json\/wp\/v2\/pages\/15"}],"collection":[{"href":"https:\/\/bonifratrzy.pl\/bonifraterska-fundacja-dobroczynna\/wp-json\/wp\/v2\/pages"}],"about":[{"href":"https:\/\/bonifratrzy.pl\/bonifraterska-fundacja-dobroczynna\/wp-json\/wp\/v2\/types\/page"}],"author":[{"embeddable":true,"href":"https:\/\/bonifratrzy.pl\/bonifraterska-fundacja-dobroczynna\/wp-json\/wp\/v2\/users\/1"}],"replies":[{"embeddable":true,"href":"https:\/\/bonifratrzy.pl\/bonifraterska-fundacja-dobroczynna\/wp-json\/wp\/v2\/comments?post=15"}],"version-history":[{"count":7,"href":"https:\/\/bonifratrzy.pl\/bonifraterska-fundacja-dobroczynna\/wp-json\/wp\/v2\/pages\/15\/revisions"}],"predecessor-version":[{"id":290,"href":"https:\/\/bonifratrzy.pl\/bonifraterska-fundacja-dobroczynna\/wp-json\/wp\/v2\/pages\/15\/revisions\/290"}],"up":[{"embeddable":true,"href":"https:\/\/bonifratrzy.pl\/bonifraterska-fundacja-dobroczynna\/wp-json\/wp\/v2\/pages\/47"}],"wp:attachment":[{"href":"https:\/\/bonifratrzy.pl\/bonifraterska-fundacja-dobroczynna\/wp-json\/wp\/v2\/media?parent=15"}],"curies":[{"name":"wp","href":"https:\/\/api.w.org\/{rel}","templated":true}]}}