{"id":79,"date":"2016-07-04T00:47:49","date_gmt":"2016-07-03T22:47:49","guid":{"rendered":"https:\/\/bonifratrzy.pl\/apteka-warszawa\/?page_id=79"},"modified":"2016-11-18T11:40:04","modified_gmt":"2016-11-18T10:40:04","slug":"produkcja-kosmetykow","status":"publish","type":"page","link":"https:\/\/bonifratrzy.pl\/apteka-warszawa\/apteka-ojcow-bonifratrow-salus-infirmorum\/produkcja-kosmetykow\/","title":{"rendered":"Produkcja kosmetyk\u00f3w"},"content":{"rendered":"<div class=\"wpmf-gallerys wpmf-gallerys-life \" ><div id=\"gallery-1\" class=\"gallery gallery_life wpmf_gallery_default gallery_default  gallery-columns-5 gallery-size-thumbnail gallery-link-file wpmf-has-border-radius-0 wpmf-gutterwidth-5 no_ratio\"><figure class=\"wpmf-gallery-item\" data-index=\"0\"><div class=\"wpmf-gallery-icon\"><div class=\"square_thumbnail\"><div class=\"img_centered\"><a class=\" not_video noLightbox\" data-lightbox=\"1\" data-href=\"https:\/\/bonifratrzy.pl\/apteka-warszawa\/wp-content\/uploads\/sites\/39\/2016\/07\/zrogowacia\u0142e-pi\u0119ty-1024x730.jpg\" title=\"zrogowacia\u0142e pi\u0119ty\" target=\"_self\" data-index=\"0\"><img decoding=\"async\" class=\"wpmf_img\" alt=\"zrogowacia\u0142e pi\u0119ty\" src=\"https:\/\/bonifratrzy.pl\/apteka-warszawa\/wp-content\/uploads\/sites\/39\/2016\/07\/zrogowacia\u0142e-pi\u0119ty-150x150.jpg\" data-type=\"wpmfgalleryimg\" data-lazy-src=\"https:\/\/bonifratrzy.pl\/apteka-warszawa\/wp-content\/uploads\/sites\/39\/2016\/07\/zrogowacia\u0142e-pi\u0119ty-150x150.jpg\"><\/a><\/div><\/div><\/div><\/figure><figure class=\"wpmf-gallery-item\" data-index=\"1\"><div class=\"wpmf-gallery-icon\"><div class=\"square_thumbnail\"><div class=\"img_centered\"><a class=\" not_video noLightbox\" data-lightbox=\"1\" data-href=\"https:\/\/bonifratrzy.pl\/apteka-warszawa\/wp-content\/uploads\/sites\/39\/2016\/07\/zio\u0142owy-antyperspirant-1024x729.jpg\" title=\"zio\u0142owy antyperspirant\" target=\"_self\" data-index=\"1\"><img decoding=\"async\" class=\"wpmf_img\" alt=\"zio\u0142owy antyperspirant\" src=\"https:\/\/bonifratrzy.pl\/apteka-warszawa\/wp-content\/uploads\/sites\/39\/2016\/07\/zio\u0142owy-antyperspirant-150x150.jpg\" data-type=\"wpmfgalleryimg\" data-lazy-src=\"https:\/\/bonifratrzy.pl\/apteka-warszawa\/wp-content\/uploads\/sites\/39\/2016\/07\/zio\u0142owy-antyperspirant-150x150.jpg\"><\/a><\/div><\/div><\/div><\/figure><figure class=\"wpmf-gallery-item\" data-index=\"2\"><div class=\"wpmf-gallery-icon\"><div class=\"square_thumbnail\"><div class=\"img_centered\"><a class=\" not_video noLightbox\" data-lightbox=\"1\" data-href=\"https:\/\/bonifratrzy.pl\/apteka-warszawa\/wp-content\/uploads\/sites\/39\/2016\/07\/wyci\u0105g-zio\u0142owy-1024x732.jpg\" title=\"wyci\u0105g zio\u0142owy\" target=\"_self\" data-index=\"2\"><img decoding=\"async\" class=\"wpmf_img\" alt=\"wyci\u0105g zio\u0142owy\" src=\"https:\/\/bonifratrzy.pl\/apteka-warszawa\/wp-content\/uploads\/sites\/39\/2016\/07\/wyci\u0105g-zio\u0142owy-150x150.jpg\" data-type=\"wpmfgalleryimg\" data-lazy-src=\"https:\/\/bonifratrzy.pl\/apteka-warszawa\/wp-content\/uploads\/sites\/39\/2016\/07\/wyci\u0105g-zio\u0142owy-150x150.jpg\"><\/a><\/div><\/div><\/div><\/figure><figure class=\"wpmf-gallery-item\" data-index=\"3\"><div class=\"wpmf-gallery-icon\"><div class=\"square_thumbnail\"><div class=\"img_centered\"><a class=\" not_video noLightbox\" data-lightbox=\"1\" data-href=\"https:\/\/bonifratrzy.pl\/apteka-warszawa\/wp-content\/uploads\/sites\/39\/2016\/07\/wirginijska-1024x729.jpg\" title=\"wirginijska\" target=\"_self\" data-index=\"3\"><img decoding=\"async\" class=\"wpmf_img\" alt=\"wirginijska\" src=\"https:\/\/bonifratrzy.pl\/apteka-warszawa\/wp-content\/uploads\/sites\/39\/2016\/07\/wirginijska-150x150.jpg\" data-type=\"wpmfgalleryimg\" data-lazy-src=\"https:\/\/bonifratrzy.pl\/apteka-warszawa\/wp-content\/uploads\/sites\/39\/2016\/07\/wirginijska-150x150.jpg\"><\/a><\/div><\/div><\/div><\/figure><figure class=\"wpmf-gallery-item\" data-index=\"4\"><div class=\"wpmf-gallery-icon\"><div class=\"square_thumbnail\"><div class=\"img_centered\"><a class=\" not_video noLightbox\" data-lightbox=\"1\" data-href=\"https:\/\/bonifratrzy.pl\/apteka-warszawa\/wp-content\/uploads\/sites\/39\/2016\/07\/venosol-1024x732.jpg\" title=\"venosol\" target=\"_self\" data-index=\"4\"><img decoding=\"async\" class=\"wpmf_img\" alt=\"venosol\" src=\"https:\/\/bonifratrzy.pl\/apteka-warszawa\/wp-content\/uploads\/sites\/39\/2016\/07\/venosol-150x150.jpg\" data-type=\"wpmfgalleryimg\" data-lazy-src=\"https:\/\/bonifratrzy.pl\/apteka-warszawa\/wp-content\/uploads\/sites\/39\/2016\/07\/venosol-150x150.jpg\"><\/a><\/div><\/div><\/div><\/figure><figure class=\"wpmf-gallery-item\" data-index=\"5\"><div class=\"wpmf-gallery-icon\"><div class=\"square_thumbnail\"><div class=\"img_centered\"><a class=\" not_video noLightbox\" data-lightbox=\"1\" data-href=\"https:\/\/bonifratrzy.pl\/apteka-warszawa\/wp-content\/uploads\/sites\/39\/2016\/07\/venoczar-1024x759.jpg\" title=\"venoczar\" target=\"_self\" data-index=\"5\"><img decoding=\"async\" class=\"wpmf_img\" alt=\"venoczar\" src=\"https:\/\/bonifratrzy.pl\/apteka-warszawa\/wp-content\/uploads\/sites\/39\/2016\/07\/venoczar-150x150.jpg\" data-type=\"wpmfgalleryimg\" data-lazy-src=\"https:\/\/bonifratrzy.pl\/apteka-warszawa\/wp-content\/uploads\/sites\/39\/2016\/07\/venoczar-150x150.jpg\"><\/a><\/div><\/div><\/div><\/figure><figure class=\"wpmf-gallery-item\" data-index=\"6\"><div class=\"wpmf-gallery-icon\"><div class=\"square_thumbnail\"><div class=\"img_centered\"><a class=\" not_video noLightbox\" data-lightbox=\"1\" data-href=\"https:\/\/bonifratrzy.pl\/apteka-warszawa\/wp-content\/uploads\/sites\/39\/2016\/07\/rozgrzewaj\u0105ca-1024x735.jpg\" title=\"rozgrzewaj\u0105ca\" target=\"_self\" data-index=\"6\"><img decoding=\"async\" class=\"wpmf_img\" alt=\"rozgrzewaj\u0105ca\" src=\"https:\/\/bonifratrzy.pl\/apteka-warszawa\/wp-content\/uploads\/sites\/39\/2016\/07\/rozgrzewaj\u0105ca-150x150.jpg\" data-type=\"wpmfgalleryimg\" data-lazy-src=\"https:\/\/bonifratrzy.pl\/apteka-warszawa\/wp-content\/uploads\/sites\/39\/2016\/07\/rozgrzewaj\u0105ca-150x150.jpg\"><\/a><\/div><\/div><\/div><\/figure><figure class=\"wpmf-gallery-item\" data-index=\"7\"><div class=\"wpmf-gallery-icon\"><div class=\"square_thumbnail\"><div class=\"img_centered\"><a class=\" not_video noLightbox\" data-lightbox=\"1\" data-href=\"https:\/\/bonifratrzy.pl\/apteka-warszawa\/wp-content\/uploads\/sites\/39\/2016\/07\/olejek-rumiankowy-1024x732.jpg\" title=\"olejek rumiankowy\" target=\"_self\" data-index=\"7\"><img decoding=\"async\" class=\"wpmf_img\" alt=\"olejek rumiankowy\" src=\"https:\/\/bonifratrzy.pl\/apteka-warszawa\/wp-content\/uploads\/sites\/39\/2016\/07\/olejek-rumiankowy-150x150.jpg\" data-type=\"wpmfgalleryimg\" data-lazy-src=\"https:\/\/bonifratrzy.pl\/apteka-warszawa\/wp-content\/uploads\/sites\/39\/2016\/07\/olejek-rumiankowy-150x150.jpg\"><\/a><\/div><\/div><\/div><\/figure><figure class=\"wpmf-gallery-item\" data-index=\"8\"><div class=\"wpmf-gallery-icon\"><div class=\"square_thumbnail\"><div class=\"img_centered\"><a class=\" not_video noLightbox\" data-lightbox=\"1\" data-href=\"https:\/\/bonifratrzy.pl\/apteka-warszawa\/wp-content\/uploads\/sites\/39\/2016\/07\/nagietkowa-1024x733.jpg\" title=\"nagietkowa\" target=\"_self\" data-index=\"8\"><img decoding=\"async\" class=\"wpmf_img\" alt=\"nagietkowa\" src=\"https:\/\/bonifratrzy.pl\/apteka-warszawa\/wp-content\/uploads\/sites\/39\/2016\/07\/nagietkowa-150x150.jpg\" data-type=\"wpmfgalleryimg\" data-lazy-src=\"https:\/\/bonifratrzy.pl\/apteka-warszawa\/wp-content\/uploads\/sites\/39\/2016\/07\/nagietkowa-150x150.jpg\"><\/a><\/div><\/div><\/div><\/figure><figure class=\"wpmf-gallery-item\" data-index=\"9\"><div class=\"wpmf-gallery-icon\"><div class=\"square_thumbnail\"><div class=\"img_centered\"><a class=\" not_video noLightbox\" data-lightbox=\"1\" data-href=\"https:\/\/bonifratrzy.pl\/apteka-warszawa\/wp-content\/uploads\/sites\/39\/2016\/07\/aloesowy-krem-1024x731.jpg\" title=\"aloesowy krem\" target=\"_self\" data-index=\"9\"><img decoding=\"async\" class=\"wpmf_img\" alt=\"aloesowy krem\" src=\"https:\/\/bonifratrzy.pl\/apteka-warszawa\/wp-content\/uploads\/sites\/39\/2016\/07\/aloesowy-krem-150x150.jpg\" data-type=\"wpmfgalleryimg\" data-lazy-src=\"https:\/\/bonifratrzy.pl\/apteka-warszawa\/wp-content\/uploads\/sites\/39\/2016\/07\/aloesowy-krem-150x150.jpg\"><\/a><\/div><\/div><\/div><\/figure><figure class=\"wpmf-gallery-item\" data-index=\"10\"><div class=\"wpmf-gallery-icon\"><div class=\"square_thumbnail\"><div class=\"img_centered\"><a class=\" not_video noLightbox\" data-lightbox=\"1\" data-href=\"https:\/\/bonifratrzy.pl\/apteka-warszawa\/wp-content\/uploads\/sites\/39\/2016\/07\/antipsor-1024x732.jpg\" title=\"antipsor\" target=\"_self\" data-index=\"10\"><img decoding=\"async\" class=\"wpmf_img\" alt=\"antipsor\" src=\"https:\/\/bonifratrzy.pl\/apteka-warszawa\/wp-content\/uploads\/sites\/39\/2016\/07\/antipsor-150x150.jpg\" data-type=\"wpmfgalleryimg\" data-lazy-src=\"https:\/\/bonifratrzy.pl\/apteka-warszawa\/wp-content\/uploads\/sites\/39\/2016\/07\/antipsor-150x150.jpg\"><\/a><\/div><\/div><\/div><\/figure><figure class=\"wpmf-gallery-item\" data-index=\"11\"><div class=\"wpmf-gallery-icon\"><div class=\"square_thumbnail\"><div class=\"img_centered\"><a class=\" not_video noLightbox\" data-lightbox=\"1\" data-href=\"https:\/\/bonifratrzy.pl\/apteka-warszawa\/wp-content\/uploads\/sites\/39\/2016\/07\/bonifungin-1024x729.jpg\" title=\"bonifungin\" target=\"_self\" data-index=\"11\"><img decoding=\"async\" class=\"wpmf_img\" alt=\"bonifungin\" src=\"https:\/\/bonifratrzy.pl\/apteka-warszawa\/wp-content\/uploads\/sites\/39\/2016\/07\/bonifungin-150x150.jpg\" data-type=\"wpmfgalleryimg\" data-lazy-src=\"https:\/\/bonifratrzy.pl\/apteka-warszawa\/wp-content\/uploads\/sites\/39\/2016\/07\/bonifungin-150x150.jpg\"><\/a><\/div><\/div><\/div><\/figure><figure class=\"wpmf-gallery-item\" data-index=\"12\"><div class=\"wpmf-gallery-icon\"><div class=\"square_thumbnail\"><div class=\"img_centered\"><a class=\" not_video noLightbox\" data-lightbox=\"1\" data-href=\"https:\/\/bonifratrzy.pl\/apteka-warszawa\/wp-content\/uploads\/sites\/39\/2016\/07\/diosmina-1024x729.jpg\" title=\"diosmina\" target=\"_self\" data-index=\"12\"><img decoding=\"async\" class=\"wpmf_img\" alt=\"diosmina\" src=\"https:\/\/bonifratrzy.pl\/apteka-warszawa\/wp-content\/uploads\/sites\/39\/2016\/07\/diosmina-150x150.jpg\" data-type=\"wpmfgalleryimg\" data-lazy-src=\"https:\/\/bonifratrzy.pl\/apteka-warszawa\/wp-content\/uploads\/sites\/39\/2016\/07\/diosmina-150x150.jpg\"><\/a><\/div><\/div><\/div><\/figure><figure class=\"wpmf-gallery-item\" data-index=\"13\"><div class=\"wpmf-gallery-icon\"><div class=\"square_thumbnail\"><div class=\"img_centered\"><a class=\" not_video noLightbox\" data-lightbox=\"1\" data-href=\"https:\/\/bonifratrzy.pl\/apteka-warszawa\/wp-content\/uploads\/sites\/39\/2016\/07\/kremowa-1024x729.jpg\" title=\"kremowa\" target=\"_self\" data-index=\"13\"><img decoding=\"async\" class=\"wpmf_img\" alt=\"kremowa\" src=\"https:\/\/bonifratrzy.pl\/apteka-warszawa\/wp-content\/uploads\/sites\/39\/2016\/07\/kremowa-150x150.jpg\" data-type=\"wpmfgalleryimg\" data-lazy-src=\"https:\/\/bonifratrzy.pl\/apteka-warszawa\/wp-content\/uploads\/sites\/39\/2016\/07\/kremowa-150x150.jpg\"><\/a><\/div><\/div><\/div><\/figure><figure class=\"wpmf-gallery-item\" data-index=\"14\"><div class=\"wpmf-gallery-icon\"><div class=\"square_thumbnail\"><div class=\"img_centered\"><a class=\" not_video noLightbox\" data-lightbox=\"1\" data-href=\"https:\/\/bonifratrzy.pl\/apteka-warszawa\/wp-content\/uploads\/sites\/39\/2016\/07\/ma\u015b\u0107-z-witamin\u0105-A-1024x729.jpg\" title=\"ma\u015b\u0107 z witamin\u0105 A\" target=\"_self\" data-index=\"14\"><img decoding=\"async\" class=\"wpmf_img\" alt=\"ma\u015b\u0107 z witamin\u0105 A\" src=\"https:\/\/bonifratrzy.pl\/apteka-warszawa\/wp-content\/uploads\/sites\/39\/2016\/07\/ma\u015b\u0107-z-witamin\u0105-A-150x150.jpg\" data-type=\"wpmfgalleryimg\" data-lazy-src=\"https:\/\/bonifratrzy.pl\/apteka-warszawa\/wp-content\/uploads\/sites\/39\/2016\/07\/ma\u015b\u0107-z-witamin\u0105-A-150x150.jpg\"><\/a><\/div><\/div><\/div><\/figure><\/div><\/div>\n","protected":false},"excerpt":{"rendered":"","protected":false},"author":5,"featured_media":0,"parent":7,"menu_order":0,"comment_status":"closed","ping_status":"closed","template":"","meta":{"footnotes":""},"_links":{"self":[{"href":"https:\/\/bonifratrzy.pl\/apteka-warszawa\/wp-json\/wp\/v2\/pages\/79"}],"collection":[{"href":"https:\/\/bonifratrzy.pl\/apteka-warszawa\/wp-json\/wp\/v2\/pages"}],"about":[{"href":"https:\/\/bonifratrzy.pl\/apteka-warszawa\/wp-json\/wp\/v2\/types\/page"}],"author":[{"embeddable":true,"href":"https:\/\/bonifratrzy.pl\/apteka-warszawa\/wp-json\/wp\/v2\/users\/5"}],"replies":[{"embeddable":true,"href":"https:\/\/bonifratrzy.pl\/apteka-warszawa\/wp-json\/wp\/v2\/comments?post=79"}],"version-history":[{"count":6,"href":"https:\/\/bonifratrzy.pl\/apteka-warszawa\/wp-json\/wp\/v2\/pages\/79\/revisions"}],"predecessor-version":[{"id":100,"href":"https:\/\/bonifratrzy.pl\/apteka-warszawa\/wp-json\/wp\/v2\/pages\/79\/revisions\/100"}],"up":[{"embeddable":true,"href":"https:\/\/bonifratrzy.pl\/apteka-warszawa\/wp-json\/wp\/v2\/pages\/7"}],"wp:attachment":[{"href":"https:\/\/bonifratrzy.pl\/apteka-warszawa\/wp-json\/wp\/v2\/media?parent=79"}],"curies":[{"name":"wp","href":"https:\/\/api.w.org\/{rel}","templated":true}]}}